**4/2 + 10*b**3/3 + 4*b**2 + 9*b + 3317. Calculate v(-6).
-111
Let r = -2 + -3. Let c = -2 - r. Let a(t) = -9*t + 747. Let g(q) = -28*q + 2366. Let l(z) = 19*a(z) - 6*g(z). What is l(c)?
-12
Let b(z) be the first derivative of z**5/40 + z**4/24 - 4*z**3 - 15. Let s(y) be the third derivative of b(y). Let k be (-6)/(-12)*-3*(-12)/9. Determine s(k).
7
Let o(u) = 6*u**2 - 54 - 58*u**3 + 2*u**2 + 59*u**3 + 17 + 2*u. What is o(-7)?
-2
Let v(g) = -2*g**3 - 21*g**2 + 213*g - 125. Let o be v(-17). Let b(l) = -91*l + 1010. Give b(o).
9
Let h(n) = -6*n - 115. Suppose -9*t + o + 47 = -11*t, 0 = 2*o - 18. Give h(t).
53
Let g(u) = 4*u**2 - 243*u - 64. Let w(t) = 2*t**3 - 3*t**2 - 11*t + 25. Let y be w(4). What is g(y)?
-3
Let p = -2922 + 2916. Let k(v) = 7*v**2 + 10*v + 7. Let g(i) = 15*i**2 + 21*i + 15. Let q(b) = -6*g(b) + 13*k(b). Calculate q(p).
13
Let c(s) = s**3 + 5*s**2 - 11*s - 20. Let a(m) = -m**3 - 8*m**2 + 11*m + 19. Let r(z) = -2*a(z) - 3*c(z). What is r(-4)?
58
Let u(y) be the first derivative of -y**4/4 - 7*y**3 - 11*y**2 + 10*y + 3547. Determine u(-20).
50
Let m(v) = -v**2 - 7*v - 4. Let d be m(-5). Let s(t) = 2*t - 8. Let b be s(d). Let k(q) = 67 - 9*q - 11 + q**2 + q - 55. Determine k(b).
-15
Let f(u) = -180 + 17 + 76*u + 256*u**2 + 322*u**2 - 576*u**2. Give f(-40).
-3
Let k(p) be the second derivative of 0*p**4 - 25*p + 0 - 1/72*p**6 + p**2 - 1/40*p**5 + 2/3*p**3. Let o(v) be the second derivative of k(v). Determine o(-2).
-14
Let p(j) be the second derivative of -1/3*j**3 - 32*j + 0*j**2 + 1. Determine p(-6).
12
Suppose 26 = -122*y + 120*y. Let o(p) = 5*p + 71. Let r be o(y). Let w(n) be the second derivative of n**4/12 - n**3 - 3*n**2 - n. Give w(r).
-6
Let u(g) be the second derivative of 3*g**3/2 - g**2/2 - 4*g. Let a = -72 - -45. Let f = a + 28. Determine u(f).
8
Let z(s) = 5*s - 1. Suppose 5*t - 2*q - 30 = 0, 2*t + 2*q - 35 + 23 = 0. Calculate z(t).
29
Let w(l) be the third derivative of l**6/120 - 2*l**5/5 + l**4/12 - 37*l**3/6 - 1345*l**2. Calculate w(24).
11
Let d(a) = -12*a - 80. Suppose -50*u - 156 = 118*u + 1524. What is d(u)?
40
Let q(y) = y**3 - 6*y**2 + 3*y + 10. Let t be q(5). Suppose -3*b + 7*l = 4*l - 6, 5*b - 4*l - 8 = 0. Let h(m) = -6 - 8 + 4*m + b - 3*m. Determine h(t).
-14
Let s = -13 - -57. Suppose -s = 8*f + 3*f. Let a(v) = v + 2. What is a(f)?
-2
Let o(p) = -1107 + 1635 - 43*p + 117*p - 54*p. Determine o(-26).
8
Let c(q) be the first derivative of q**2 - 16*q + 939. Calculate c(0).
-16
Let u(p) = p**3 + 5*p**2 + 6*p + 5. Suppose -3*x + 3 = 3*f, -3*f + 54*x = 56*x + 2. Calculate u(f).
-3
Let n(w) = -w + 17 - 16*w + 21*w. Let h be n(-5). Let q(t) = -t**2 + 3*t - 1. Let k(b) = -b**2 + 1. Let u(v) = 2*k(v) - q(v). Calculate u(h).
3
Let y(r) be the first derivative of 7/2*r**2 + 1/4*r**4 - 71 - 3*r + 7/3*r**3. Give y(-6).
-9
Let t(g) be the second derivative of -1/4*g**4 - 1/20*g**5 + 1/2*g**2 - 5*g + 0 + 1/6*g**3. Let w be (-12)/(-8) - 36/8. What is t(w)?
-2
Let m(a) = 16*a**2 + 55*a - 3. Let x(i) = -9*i**2 - 30*i + 2. Let b(o) = 6*m(o) + 11*x(o). Calculate b(-2).
-8
Let a(r) = -40*r - 74. Let x(s) = -27*s - 49. Let w(n) = 5*a(n) - 7*x(n). Let f = -20 + 14. Let v(i) = 5*i + 13. Let q(j) = f*w(j) - 13*v(j). What is q(5)?
-2
Let a(x) = 6*x + 85. Suppose -r = i + 21, 26*r = 22*r + i - 49. Determine a(r).
1
Let l = -33978 + 33974. Let i(b) = 22*b + 111. Give i(l).
23
Suppose 1041 = l + 1041. Let s be (l + -14)*(-6)/(-189)*-9. Let u(p) = p**2 + p - 3. What is u(s)?
17
Let m(s) be the first derivative of -s**4/4 - s**3 + 3*s**2 - 6*s + 110. Suppose 2 = u, 2*y = 2*u - 6 - 8. Calculate m(y).
14
Let c(v) be the first derivative of 7*v**3/3 - v**2/2 + 7*v - 6708. Determine c(-2).
37
Let b be 6/8 - (-1)/4. Let v(p) be the first derivative of -4*p**4 - 2*p**3/3 + p**2 - p - 1785. Determine v(b).
-17
Let h(n) = -n**2 - 30*n - 128. Let r be h(-5). Let d(j) = 15*j + 5. Calculate d(r).
-40
Let s(l) = -l**2 + 2*l + 3. Let t = 0 + 5. Let y(p) = p**3 - 7*p**2 - p - 7. Let o be y(t). Let j = o + 60. Determine s(j).
-5
Let p = 724 - 511. Let a = p + -207. Let y(w) = -w**3 + 6*w**2 - 2*w + 7. What is y(a)?
-5
Let y(x) = 5*x**2 - 6*x. Let d = 519 + -515. Give y(d).
56
Let d = 135 - 109. Suppose d = 6*q + 14. Let j(w) = -2*w**2 - 3*w - 2. Let i(z) = z. Let x(t) = -4*i(t) - j(t). Calculate x(q).
8
Suppose 0 = -3*p + 4*f - 158, 2*f + 174 + 44 = -4*p. Let z = p - -57. Let t(q) = 5*q + 6 + z*q**2 + 2*q**2 - 4 - 4*q**2. What is t(-5)?
2
Let q(h) = 38*h**2 + 69*h + 9. Let m(r) = 8*r**2 + 17*r + 2. Let k(u) = 9*m(u) - 2*q(u). Calculate k(6).
-54
Let h(x) = 11*x. Let a(k) = 30*k - 1. Let s(u) = 6*a(u) - 17*h(u). Let p(q) = q**2 + 19*q + 74. Let o be p(-13). Calculate s(o).
22
Let d(a) = -293*a - 298*a + 5 - 288*a + 886*a. Suppose -t = -m - 1, 2*t + 5*m + 19 = -0*t. Give d(t).
-9
Let r = 71 - 183. Let b be ((-2)/8)/(28/r). Let i(d) = -24*d**2. Give i(b).
-24
Let i(j) = 36*j**2 + 7*j + 4. Let w be i(-2). Let f(d) be the first derivative of w - d - d**2 - 2*d - 130. Give f(-6).
9
Let v(h) = 6*h - 22. Let y(k) = -46*k - 782. Let q be y(-17). Calculate v(q).
-22
Let z be 1 - (9 - 1 - (-15 + 16)). Let o be 54/36*(-4)/z. Let q be (-1)/3*(-66)/(-11) - o. Let t(h) = h**3 + 4*h**2 + 5*h + 4. Calculate t(q).
-2
Let l(s) = -13*s**3 + s**2 - 2*s + 1. Suppose -11 = 2*y - 5*t, -2*y = y + 2*t - 12. Suppose -y*a - 16 = 2*a. Let r be (-8)/4 - (-7 - a). What is l(r)?
-13
Let t = -4922 - -4931. Let f(c) = c**2 - 8*c - 22. Calculate f(t).
-13
Let h(u) be the first derivative of u**3/3 - 9*u**2/2 + 13*u + 1. Let j = 3179 + -3173. Give h(j).
-5
Let y(z) = 6*z + 9. Let f(b) = b**2 - 41*b + 183. Let c be f(36). Give y(c).
27
Suppose -5*r + 2 + 138 = 0. Suppose 12*p - r = -100. Let x(m) = -m**3 - 6*m**2 - 2*m - 9. Give x(p).
3
Let a(k) = -k**2 - k + 100. Let g = 28728 - 28739. Give a(g).
-10
Let u(i) = -35 - 4 - 2*i + 7*i - 38 + 21. Calculate u(13).
9
Let z(k) = -k**2 - 55*k + 489. Let j be z(8). Let i(t) = 4*t + 35. Give i(j).
-25
Let h(w) = w**3 - 10*w**2 + 12*w + 7. Let u = -16814 + 16822. Calculate h(u).
-25
Suppose 0 = -52*y + 46*y + 42. Let k(n) be the first derivative of -n**3/3 + 5*n**2/2 + 7*n - 9. Calculate k(y).
-7
Let l be (2 - 7 - 160)*(-12)/(-10). Let p = 193 + l. Let s(w) be the second derivative of -w**4/12 - 5*w**3/6 - w**2 - 4*w. Calculate s(p).
-2
Let w(b) be the third derivative of -13*b**4/12 - 35*b**3/2 - 404*b**2 + b. Calculate w(-4).
-1
Let m(w) = -w**3 - 27*w**2 - 36*w - 265. Suppose 536*x - 542*x = 46 + 110. Determine m(x).
-5
Let i be (-1320)/(-990)*(27/2)/(-3). Let a(n) be the first derivative of 1/3*n**3 - 7*n + 4*n**2 - 2. Calculate a(i).
-19
Suppose 0 = -g - 3*q - 4, -3*g = -6*g + 2*q + 10. Let v(j) = 4*j - 2*j - 2*j - 15*j**2 + 4 + 8*j + 16*j**g. Let y = -12 - -6. What is v(y)?
-8
Let i(a) be the second derivative of -17/2*a**2 + 0 - 1/6*a**3 - 264*a. Determine i(-8).
-9
Let b(y) = y**2 + 2*y + 21. Let q(o) = o - 8. Let z(r) = b(r) + 2*q(r). Calculate z(0).
5
Let p(t) be the first derivative of -24 + 18*t - 2*t**2 + 1/6*t**3. Let u(q) be the first derivative of p(q). Determine u(6).
2
Let p(o) = -3*o**3 + 4*o**2 + o. Let b(k) be the first derivative of 19/3*k**3 - 4*k**4 + 15 + k + 3*k**2. Let u(v) = -2*b(v) + 11*p(v). Give u(6).
-8
Let n(y) be the first derivative of y**4/4 - 7*y**3 + 19*y**2/2 - 24*y + 4616. Determine n(20).
-44
Let r(d) = d**3 - d**2 - 1. Let u(q) = -1875*q**2 - 2*q**3 + 12 + 6*q + 1873*q**2 - 3*q**3. Suppose 0 = -n - 4 - 2. Let c(b) = n*r(b) - u(b). Determine c(7).
1
Let i(z) = -z**2 - 14*z + 34. Let y = -1172 - -1156. What is i(y)?
2
Suppose -3*h - 2*x - 39 = 0, 0 = 10*h - x + 71 + 82. Let k(u) = u + 46. What is k(h)?
31
Suppose -5*v - c = 15, v - 5*c - 9 = 4*v. Let y = 9 - v. Let p(l) = 15*l + y*l - 25*l + 9. Calculate p(-7).
-5
Let z(y) = -2*y**2 + 10*y - 1. Suppose 33*m + 11 = 75 + 68. What is z(m)?
7
Let q(n) = -11*n**2. Let k = -85 - -106. Let a = k - 22. What is q(a)?
-11
Let f be (-9 - -3)*6/(-4). Let y(r) = 17*r**2 + 8*r + 12. Let k(n) = 6*n**2 - n + 8. Let w(p) = -3*k(p) + y(p). Calculate w(f).
6
Let x(i) = -9*i**2 + 2*i - 2. Let q(j) be the second derivative of 3/2*j**2 - 1/2*j**3 + 25*j + 0 + 7/6*j**4. Let z(u) = 5*q(u) + 7*x(u). Determine z(1).
7
Let z(v) = -14 - 11 - 3*v - 11 - 6*v + 61. Let o(u) = -5*u 